
Let p(h) = -4*h - 3. Let f be p(-5). Let m = -12 + f. Suppose 3*y - 2*g - 145 = 0, -64 = m*y + 3*g - 274. Calculate the greatest common factor of y and 30.
15
Let b(u) = -14*u**3 + u**2 + u. Let v be b(-1). Calculate the greatest common factor of v and 35.
7
Suppose 0 = 5*d + 1 - 71. Let m be (-2 + 1 - -30)*-1. Let t = 43 + m. What is the highest common divisor of d and t?
14
Let v = -8 + -6. Let y be (-2)/(-7) - 24/v. Suppose -5*p + 25 = 0, y*p - 19 = -3*k + 3*p. What is the highest common factor of 56 and k?
8
Let m be 177 + 2 + (-1 - 3). Calculate the highest common divisor of m and 25.
25
Let u be 2/(2/3) - -2. Suppose 4*n - 24 = -4*h, n + u*h = -2*n + 10. Suppose 8*j - 3*j - 5 = 0. What is the greatest common factor of j and n?
1
Suppose 4*y + 30 = 5*y. Calculate the highest common factor of 45 and y.
15
Let j be (-3)/(-9) + (0 - (-128)/12). What is the greatest common factor of j and 88?
11
Suppose 6*k = 4*k. Let w(m) = -4*m + 4. Let v be w(-4). Suppose -2*u + 4*u - v = k. What is the highest common factor of u and 110?
10
Let m(z) = -z**3 - 6*z**2 + 4*z. Let l = 6 + -9. Let v be m(l). Let f = v + 281. Calculate the greatest common divisor of 22 and f.
22
Let v = 1 + 0. Let g(o) = -9*o**3 - o**2 - o + 1. Let i be g(v). Let d = -4 - i. What is the highest common factor of 6 and d?
6
Suppose -l - 3*m + m + 11 = 0, 41 = 3*l - 2*m. What is the highest common factor of 1 and l?
1
Let w(o) = 3*o**2 - o - 1. Let s be w(-3). Suppose 0 = 4*l - s - 39. Calculate the greatest common divisor of l and 85.
17
Let i(h) = -h**3 - 13*h**2 + 30*h + 10. Let n be i(-15). Calculate the greatest common factor of 6 and n.
2
Suppose 4*b - 8 = -0. Calculate the greatest common divisor of 1 and b.
1
Let q be (-25)/(-1) - (-12 + 10). What is the greatest common divisor of 18 and q?
9
Suppose 3 + 0 = -3*q. Let j be q/4 + 148/16. Let g = 17 - 8. What is the highest common factor of g and j?
9
Suppose 115 = -5*x - d, 3*x - 4*x - 5*d = 23. Let c = 53 + x. What is the highest common divisor of 5 and c?
5
Suppose -9 + 145 = 4*q. Suppose -6 = -4*c + q. What is the highest common divisor of c and 80?
10
Suppose -s - 10 = -2*s. Let p be (-2)/s + 402/10. What is the greatest common factor of p and 8?
8
Suppose n - 239 = -3*n - 5*k, -k = 3*n - 171. Suppose -40 = 3*u + u. Let t = 17 + u. What is the highest common factor of n and t?
7
Let d(h) = -h**2 - 21*h - 14. Let p be d(-16). Calculate the highest common divisor of 44 and p.
22
Suppose 2*t = 4*t - 448. Let z = 116 + t. Let g = z - 140. What is the greatest common divisor of 25 and g?
25
Let g be ((-11)/22)/(2/(-8)). What is the highest common factor of g and 14?
2
Let q(l) = 2*l**2 + 3*l - 1. Suppose 2*h + 12 + 16 = -5*n, -4*h = -2*n + 8. Let r be q(h). What is the greatest common factor of 152 and r?
19
Suppose -3*k - o + 129 = -4*o, -95 = -2*k + 5*o. What is the greatest common divisor of k and 10?
10
Suppose 299 = 3*q - 2*l, -q - l - 9 + 102 = 0. Suppose x = 4*r - q, 5*x - 39 - 5 = -3*r. What is the greatest common divisor of 23 and r?
23
Let v(s) = s - 3. Let h be v(0). Let q(f) be the first derivative of 4*f**3 + 3*f**2/2 - f - 1. Let t be q(h). What is the highest common factor of t and 14?
14
Let o be ((-2)/3)/((-6)/216). Calculate the highest common factor of 24 and o.
24
Suppose -12 = -4*r + 2*o - 0*o, r = -2*o + 8. Suppose r*h + 2*f = 30, -4*h - 3*f - f = -36. Calculate the highest common divisor of 2 and h.
2
Let q(z) = -z**2 - z + 5. Let y be q(0). Let k = y - 3. What is the highest common divisor of k and 1?
1
Let f be 15/5 - -14 - -3. Calculate the greatest common divisor of 30 and f.
10
Let i(t) = -t**3 - 7*t**2 + t. Let x be i(-7). Let w be (-4)/6*(x - 5). Let u be 56/5*(4 + 1). What is the greatest common divisor of u and w?
8
Suppose 71 = 4*m - 69. Suppose -2*r - 2 = -3*i, -3*r + 4*i = 4 - 3. Calculate the highest common divisor of m and r.
5
Suppose 16 = -c + 2*c. What is the greatest common divisor of c and 16?
16
Suppose 0 = 5*k - 31 - 29. Suppose 4*y - 4 = -24. Let x(r) = -r + 1. Let z be x(y). What is the greatest common divisor of k and z?
6
Let y(p) = -2*p - 10. Let a be y(-7). Let f = a - 1. Let v be (3 - 2)/(1/f). Calculate the highest common factor of v and 9.
3
Let v(u) = -3*u**2 - 2*u - 4. Let w be v(-3). Let l = 45 + w. Calculate the greatest common divisor of 60 and l.
20
Let q(p) = p + 5. Let c be q(8). What is the highest common divisor of 13 and c?
13
Let n(q) = -2*q - 9. Let h be n(-6). Let j = 18 - h. Suppose -4*r = -r - 270. Calculate the greatest common factor of j and r.
15
Suppose -5*f + 18 = 2*a, a + 2*f = -a + 12. Suppose 360 = y + a*y. What is the highest common factor of y and 48?
24
Let z(v) = v**2 + 3*v + 2. Let x be z(-6). Suppose -k + x = -0*k. Calculate the greatest common factor of 220 and k.
20
Let h = 2 - -8. Calculate the highest common factor of h and 2.
2
Let s(r) = r**3 - 2*r**2 + r + 2. Let y be s(2). What is the highest common factor of y and 8?
4
Let s be 13 + (1 - (-3 + 6)). Let a be (-2)/s - 246/(-22). What is the greatest common factor of a and 88?
11
Let j(w) = -1 + 2*w + 4 + 0 - w**3 - w**2. Let k be j(-2). Suppose -z - 5*x = -2*x - 45, 2*z = -k*x + 75. Calculate the highest common divisor of 20 and z.
10
Let n = 5 - -7. Let j(p) = -4*p. Let x be j(-3). What is the greatest common factor of n and x?
12
Let f = -24 + 46. Let v(k) = -2*k**3 - 6*k**2 + 1. Let q be (2/4)/(1/(-8)). Let m be v(q). Calculate the greatest common divisor of m and f.
11
Let d = -3 + -18. Let o be d/(-9)*(55 + -1). Let m = -16 - -30. What is the greatest common divisor of m and o?
14
Let t = 103 - 53. Calculate the greatest common factor of 75 and t.
25
Let n(l) = 29*l - 1. Let x be (2/(-4))/((-1)/4). Let b be n(x). Calculate the highest common divisor of 19 and b.
19
Let d = 81 + -70. What is the greatest common factor of 33 and d?
11
Suppose 4*u - 5 = r, 2*u - r - 7 = 4*r. Let b be (-4 + u)*(-2 + -1). Calculate the highest common factor of 72 and b.
9
Let s(k) = k**2 + k + 4. Let l be s(0). Let r be (-1868)/(-18) - l/(-18). Suppose t = 4, 0*q - t - r = -3*q. Calculate the highest common divisor of 90 and q.
18
Let p be -3*((-312)/9 + -2). Calculate the highest common factor of 11 and p.
11
Let i(b) = -b**2 + b + 5. Let a = 0 - 0. Let j be i(a). Suppose -4*p - n = 3*n - 24, -j*n = -2*p - 16. Calculate the highest common divisor of p and 4.
2
Let l = -3 + -3. Let m(f) = -2*f. Let y(g) = 6*g - 1. Let c(t) = 7*m(t) + 2*y(t). Let u be c(l). Calculate the highest common divisor of u and 90.
10
Let m(h) = 6*h**2 + 9*h + 10. Let q be m(-4). Let y be (-48)/(-5) - 4/(-10). What is the greatest common factor of y and q?
10
Let x be (-26)/(-7) - 6/(-21). Suppose -2*f = -x*n + 118, 0*n + 175 = 5*n + 3*f. Let c = 24 - 16. What is the highest common divisor of n and c?
8
Let s be (24 + -10)*(0 - -1). Let p(g) = 51*g. Let r be p(2). Suppose 0 = -l + 2*y + r, -4*l + 2*y = y - 443. Calculate the highest common factor of s and l.
14
Let y = 283 - 43. What is the greatest common factor of y and 48?
48
Let w(v) = -1 - 1 + 2*v**2 + 5*v + 6. Let z be w(-3). What is the highest common divisor of 49 and z?
7
Suppose -6*a - 2 + 44 = 0. Suppose -l = -4*l + 168. What is the greatest common factor of a and l?
7
Suppose 4*n + 45 = -5*x - 13, 89 = -5*n + 2*x. Let o be n*(-3 - -2) + 3. Calculate the greatest common divisor of o and 10.
10
Suppose -4*z = -7 - 5. Let v be (3/2)/(z/40). Calculate the greatest common divisor of 50 and v.
10
Let i(p) = p**3 + 9*p**2 - 5*p - 5. Let a be i(-9). Calculate the greatest common divisor of a and 20.
20
Let v(y) = 2*y**2 - 7*y - 13. Let u be v(7). What is the highest common factor of u and 4?
4
Suppose -4*a + 5*o = -29, 10*o - 15 = 5*o. Calculate the greatest common factor of a and 55.
11
Let t = -46 - -60. Calculate the greatest common divisor of 42 and t.
14
Let i(o) = o**2 - 2*o + 14. Let f be i(0). Suppose -2*v + g + g - 10 = 0, -2*v - g = 4. Let n = v - -10. What is the highest common factor of n and f?
7
Suppose -3*b - 5*d = -22 - 9, 5*b + 3*d = 25. Suppose b*q - 15 + 5 = 0. Calculate the greatest common factor of 2 and q.
1
Suppose -33 + 3 = -u. Suppose 15 - 3 = i. What is the greatest common divisor of u and i?
6
Suppose 3*f - 2*f - 32 = 3*y, -36 = -f + 5*y. Supp